221 (base 3) to base 9
-457587
What is 1aae5f (base 16) in base 15?
24816a
What is -100100000201 (base 3) in base 5?
-21334402
What is -14474327 (base 8) in base 15?
-45510a
What is -13311d (base 14) in base 6?
-22102343
Convert -a911b (base 13) to base 5.
-34234301
What is -223045 (base 8) in base 7?
-432352
What is -10223100133 (base 4) in base 12?
-4b1427
What is -10231112110 (base 4) in base 14?
-241b80
What is 8161a1 (base 12) in base 14?
3a8c65
845520 (base 9) to base 8
1725660
33789 (base 11) to base 5
3030420
Convert -87b784 (base 15) to base 7.
-105656503
-12651552 (base 8) to base 16
-2b536a
Convert 139a44 (base 16) to base 6.
43311324
Convert 5734451 (base 9) to base 13.
8440ab
-14331214 (base 6) to base 9
-832661
Convert 3233132 (base 4) to base 10.
15326
Convert -24bbb76 (base 12) to base 14.
-d5ba9c
24043455 (base 7) to base 12
867973
-12122102010 (base 3) to base 16
-1b204
Convert -28160 (base 14) to base 4.
-120023320
-4112402303 (base 5) to base 8
-37604320
Convert 36354 (base 16) to base 6.
4431540
What is -21001202102202 (base 3) in base 14?
-6da467
Convert 3bb34 (base 16) to base 14.
65188
What is 683159 (base 13) in base 10?
2463080
Convert -45538 (base 12) to base 8.
-264274
What is 11240012 (base 5) in base 3?
12012121120
Convert 1013093 (base 11) to base 7.
21134345
3313021 (base 4) to base 11
1097a
What is -12111202200 (base 3) in base 2?
-11010011110100010
-118460 (base 9) to base 5
-4244240
What is 1010011111000010010 (base 2) in base 12?
1469aa
What is -100242333 (base 5) in base 6?
-12322314
What is 213020123130 (base 4) in base 2?
100111001000011011011100
Convert 6030710 (base 9) to base 5.
1310141110
What is 33000342 (base 5) in base 16?
44b03
What is 1251333 (base 7) in base 9?
268600
What is -32201031203 (base 4) in base 14?
-71108b
Convert 69c0c (base 13) to base 6.
4050203
Convert -1030212223 (base 4) to base 2.
-1001100100110101011
24bd9 (base 14) to base 9
146602
Convert 22333120100 (base 4) to base 3.
12102101001012
What is 59685 (base 14) in base 10?
218069
What is 75613 (base 12) in base 9?
255146
What is -147635 (base 8) in base 13?
-1b265
-63552a (base 11) to base 13
-2981ab
255a7 (base 15) to base 8
351157
-5a70ac (base 13) to base 10
-2157596
-1423343230 (base 5) to base 14
-6d1a09
43035651 (base 7) to base 15
4c357c
2515122 (base 13) to base 4
230003302002
What is 12019 (base 10) in base 13?
5617
What is -1a71e (base 15) in base 7?
-505445
Convert 141884 (base 10) to base 2.
100010101000111100
Convert -4f7c3 (base 16) to base 14.
-86911
-13775361 (base 8) to base 14
-5bbd05
What is -1c3492 (base 16) in base 5?
-433122331
What is -5616160 (base 7) in base 13?
-1b3949
Convert 2210263 (base 7) to base 13.
96733
What is -11220002200010 (base 3) in base 7?
-31046322
Convert -b66c09 (base 14) to base 16.
-5e1389
Convert 58543 (base 10) to base 16.
e4af
What is -292a720 (base 11) in base 2?
-10011001101100000001010
-131014 (base 9) to base 13
-2a235
-7245478 (base 11) to base 2
-110000110010010001010001
Convert -5107687 (base 10) to base 9.
-10544377
Convert -1605523 (base 8) to base 14.
-c0351
Convert -246a8 (base 12) to base 10.
-49376
Convert 21a98 (base 14) to base 9.
134024
-252054543 (base 6) to base 5
-2221003100
Convert -23022024 (base 6) to base 5.
-134443010
Convert -1122112203 (base 4) to base 10.
-370083
2ab13 (base 12) to base 7
340644
What is 27ab3 (base 14) in base 5?
11120112
Convert 2651805 (base 9) to base 15.
1da078
10011100101000000111 (base 2) to base 9
1177025
Convert 11356 (base 11) to base 13.
7603
-10756751 (base 8) to base 6
-122214133
Convert -13314515 (base 9) to base 4.
-121002213233
What is -3db02 (base 14) in base 15?
-30553
302012031 (base 4) to base 3
101102110220
What is 2202122200220 (base 3) in base 6?
51254553
-4875901 (base 10) to base 4
-102212121331
Convert 2220645 (base 8) to base 9.
1111810
3168630 (base 9) to base 12
69b323
Convert -14120003 (base 5) to base 8.
-433153
1645a28 (base 12) to base 11
2643043
13042500 (base 6) to base 5
102110300
Convert -58304 (base 13) to base 3.
-22011200222
What is -21105533 (base 9) in base 12?
-349bb10
182753 (base 16) to base 5
401123211
-8c546b (base 14) to base 6
-250225115
-23418a4 (base 13) to base 16
-a61930
-150dd (base 15) to base 4
-100201330
Convert 11001010110000011 (base 2) to base 8.
312603
What is 646101 (base 7) in base 14?
2d038
What is 55e83 (base 15) in base 6?
5505053
What is 442200 (base 7) in base 5?
4440431
1102311024 (base 5) to base 11
1389a99
Convert -628984 (base 10) to base 3.
-1011221210201
Convert -332031042 (base 5) to base 9.
-2633578
Convert 11503600 (base 7) to base 6.
34000314
Convert -30313240 (base 6) to base 13.
-243a50
What is -11880718 (base 9) in base 11?
-3329647
Convert 14815121 (base 9) to base 4.
130030203013
120203300 (base 5) to base 14
105a51
16813c (base 14) to base 16
c0ffa
Convert -30000231031 (base 4) to base 8.
-14005515
Convert -32862 (base 16) to base 5.
-23110241
Convert 1100110111101000 (base 2) to base 4.
30313220
Convert -775945 (base 12) to base 16.
-1cf205
What is -1100000011010100001101 (base 2) in base 10?
-3159309
What is -115353 (base 8) in base 2?
-1001101011101011
2330146 (base 11) to base 13
ac6904
Convert -138666 (base 9) to base 11.
-58a43
-7507352 (base 8) to base 14
-3a1b98
What is 10650416 (base 7) in base 2?
11100100101010010111
a31323 (base 15) to base 16
76404c
-20011101012122 (base 3) to base 14
-61363a
22a774 (base 14) to base 9
2200510
What is 102110332231 (base 4) in base 12?
1738491
Convert -38300 (base 14) to base 10.
-137788
What is 210001112022022 (base 3) in base 13?
241a630
-1010000001101100100001 (base 2) to base 11
-1535821
33e545 (base 15) to base 3
11122220210002
1a2ef (base 16) to base 12
52093
Convert -484 (base 14) to base 7.
-2424
Convert -135464203 (base 7) to base 12.
-2b9647a
What is -511193 (base 13) in base 16?
-1ccd18
1a8083 (base 11) to base 3
121011111012
Convert -1171714 (base 11) to base 15.
-2a3997
What is 4825bb (base 12) in base 3?
2012012210222
What is 435242355 (base 6) in base 15?
a44dc8
Convert -101100101100101010 (base 2) to base 10.
-183082
What is -23333113031 (base 4) in base 5?
-1301034432
-2343421 (base 5) to base 12
-212a3
Convert 29309 (base 16) to base 10.
168713
What is 562161 (base 8) in base 11?
11a461
111122020010 (base 4) to base 10
5612036
-307 (base 13) to base 8
-1002
Convert -447807 (base 10) to base 12.
-197193
-37684 (base 14) to base 15
-2a34d
Convert 3734515 (base 8) to base 4.
3323211031
11000110110111001 (base 2) to base 13
37461
What is 1010010111011101101001 (base 2) in base 5?
1143430140
Convert -1a7dc (base 16) to base 13.
-3a50a
What is 3755637 (base 11) in base 7?
106304343
What is -1001015 (base 7) in base 9?
-188775
What is -2614420 (base 11) in base 14?
-85cba3
Convert 11111101110000110100 (base 2) to base 4.
3331300310
-139120 (base 10) to base 12
-68614
What is -40773 (base 8) in base 4?
-10013323
What is -3291b (base 13) in base 14?
-25566
What is -24042d (base 14) in base 6?
-42211025
Convert -33532542 (base 6) to base 14.
-1c8c46
-1322123202 (base 5) to base 14
-624d02
What is 2011332202 (base 4) in base 11?
345332
Convert 100110000011001101101 (base 2) to base 4.
10300121231
What is -556888 (base 12) in base 16?
-14be68
What is 6102214 (base 7) in base 11?
454634
98569 (base 11) to base 16
22ef9
What is -156cd9 (base 15) in base 9?
-1847576
Convert 656563 (base 7) to base 5.
12141240
Convert 55273 (base 12) to base 8.
334067
What is -2308568 (base 10) in base 16?
-2339d8
-1743132 (base 9) to base 14
-1b49d3
What is -6cc56 (base 13) in base 2?
-110000110010010101
-2046561 (base 8) to base 12
-222a69
Convert 10001001101100011100 (base 2) to base 14.
109776
Convert -4872553 (base 9) to base 4.
-22011333222
Convert -75218 (base 10) to base 3.
-10211011212
Convert 2040650 (base 12) to base 9.
12350036
Convert 20022114 (base 5) to base 4.
212201120
What is -813db (base 15) in base 13?
-114383
What is -1436c (base 14) in base 15?
-ec86
What is 54141332 (base 8) in base 9?
23715503
Convert 60a183 (base 13) to base 14.
427d88
What is 4a915 (base 14) in base 15?
392c7
What is -476902 (base 11) in base 15?
-edde8
What is -c3b29 (base 15) in base 2?
-10010111011001101011
-5b9828 (base 15) 